f w and 44?
11
Let s be 30*(278/36 - (-20)/(-90)). Calculate the highest common factor of s and 45.
45
Let f be 5 - (-4 + (-4)/(-2)). Let s = f - 1. Suppose 2*g = 3*g - s. What is the greatest common factor of 42 and g?
6
Suppose 3*c = -3*t + 471, 319 = 4*c - 5*t - 282. What is the highest common divisor of c and 14?
14
Let l(t) = -t**3 + 6*t**2 - 4*t - 2. Let o be l(5). Suppose 4*m + o*u - 238 = -13, -5*u = -5*m + 325. What is the greatest common factor of 40 and m?
20
Let v be (18/8)/(2/16). Suppose -2*r - 3*p = p, -2*r + 3*p + 14 = 0. Let w(d) = 3*d**2 - 3. Let k be w(r). What is the highest common divisor of k and v?
9
Suppose -2 = s - 7. Suppose -s*u + 3*o = -43 - 65, -4 = -o. Calculate the highest common divisor of 16 and u.
8
Suppose 0*f = -4*i - 2*f + 6, -2*f = 2*i. Suppose -i*w - 96 = -5*p, -2*p + 2*w - 5*w + 51 = 0. What is the greatest common divisor of 7 and p?
7
Suppose -6*s + 116 = -172. Let c(u) = -u - 3. Let z(f) = f + 2. Let y(h) = 2*c(h) + 5*z(h). Let i be y(4). What is the highest common divisor of i and s?
16
Suppose 2*w = -119 - 41. Let q be (288/w)/(1/(-25)). Let u(m) = -10*m - 2. Let j be u(-2). What is the greatest common divisor of q and j?
18
Suppose -2*c - c = -357. Suppose -c = -5*f - 19. What is the greatest common factor of f and 100?
20
Suppose 6*r - 3*r - 294 = 0. Suppose -4*c - 9 = -d + c, 65 = 5*d - 5*c. Calculate the greatest common divisor of d and r.
14
Let t(h) = -14*h - 101. Let p be t(-8). Suppose 88 = -0*d + 2*d. What is the highest common factor of d and p?
11
Let k be (12/5)/(6/80). Suppose -x = 3*x - 24. Suppose -x*d - 4*z - 32 = -11*d, -d + 6 = -z. What is the greatest common factor of d and k?
8
Suppose 2*f + f = 0. Suppose 239 = -g - f*g. Let j = -164 - g. Calculate the highest common factor of 30 and j.
15
Let h(n) = 6*n - 4. Let f be h(4). Calculate the highest common divisor of f and 2.
2
Let r be ((-74)/14 - -1)*-14. Let d = 17 + 3. Calculate the highest common factor of r and d.
20
Let z(t) = 19*t**3 - 2*t**2 + 3*t. Let l be (-14)/(-8) + (-8)/(-32). Let r be z(l). Calculate the highest common divisor of r and 15.
15
Let f be 1 + (-2 - -219)*-1. Let c = -73 - f. What is the greatest common factor of 13 and c?
13
Let p(l) = -19*l + 4. Let u be p(-1). Calculate the greatest common factor of 253 and u.
23
Suppose 4*k - 3*l = 186, 12 = k - 3*l - 39. Calculate the highest common divisor of 18 and k.
9
Let q be 25 - (2 - 2 - 0). Suppose -k + 18 = -q. Suppose -4*x = -5*p - k - 17, -3*p + 18 = 3*x. Calculate the highest common factor of x and 30.
10
Let k(i) = i**2 + i - 4. Let g be k(3). Suppose 0 - g = -2*q. Calculate the highest common factor of q and 32.
4
Suppose -5*s + 2*w = -3*w - 35, -4*w - 22 = -3*s. What is the greatest common divisor of 27 and s?
3
Suppose 5*k - 2*w - 38 = 0, 4*k = k + 4*w + 20. Let i = 3 + -5. Let q be (-6 - -3 - i) + 57. Calculate the highest common factor of q and k.
8
Let d(s) = 2*s**3 - 3*s**2 - 3*s - 3. Let p = 8 - 4. Let y be d(p). Calculate the highest common divisor of 26 and y.
13
Let y = 35 + -22. Calculate the greatest common factor of y and 104.
13
Let j = -14 - -8. Let b = j + 8. What is the highest common factor of 4 and b?
2
Let t(u) = -u**3 + 36*u**2 - 35*u + 10. Let l be t(35). Let b be 0 + 79 + (-2 - -3). What is the highest common divisor of l and b?
10
Let n(m) = -m + 13. Suppose 50 = 5*r - 0*r. Let x be n(r). Suppose 3*l - x = 0, -3*k + k = -5*l - 19. Calculate the highest common divisor of k and 18.
6
Let d(u) = -u + 4. Let m be d(0). Calculate the highest common factor of 20 and m.
4
Suppose 2*m - 66 = -m. Suppose -2*s + 8*i + 28 = 3*i, 2*s = 3*i + 28. Let o(a) = 3*a - 20. Let l be o(s). What is the highest common factor of l and m?
22
Suppose -5*n = -2*p, -n = -5*p - 0*n - 46. Let g = p - -14. Let j be (2*1)/2 + 3. Calculate the greatest common factor of j and g.
4
Suppose 0*i - 4*v + 4 = 3*i, -i - 3 = -3*v. Let n = i - -4. Let r = -107 - -135. Calculate the greatest common factor of r and n.
4
Suppose 0 = -4*o - 5*q + 64, 4*o - q = -2*q + 64. What is the greatest common divisor of 16 and o?
16
Suppose -3*q = y - 22, q - 4*q - 8 = -2*y. Suppose -c + 3*c = -14. Let n = y + c. What is the greatest common divisor of 9 and n?
3
Let p = 305 - 151. What is the highest common divisor of 22 and p?
22
Suppose -8 = 2*v - 3*v. Let k be 6/(-1 - -2) + -3. Suppose k*o + o = 352. Calculate the highest common divisor of v and o.
8
Let k(x) = -4*x - 30. Let y be k(-28). Calculate the highest common factor of y and 123.
41
Let u(a) = 9*a**2 - 1. Let l be u(1). Let z = l + -6. Suppose 12 = 3*j + 2*x - 5*x, -12 = -z*j + x. Calculate the highest common divisor of 1 and j.
1
Let l(k) = -k + 1. Let o be l(1). Suppose -3*p - p - n + 5 = 0, 0 = -4*p - 5*n + 9. Suppose o = 2*g - p - 3. Calculate the highest common divisor of g and 2.
2
Let x(c) = 14*c - 75. Let t be x(9). Calculate the greatest common factor of 34 and t.
17
Let a be (-4)/(-10) + 159/15. Suppose -2*m + o = -2, -5*m - 3*o + 4 = -m. Let j be 1*m*(-1 - -12). Calculate the greatest common divisor of j and a.
11
Suppose 2*u + 4*c - 216 = 0, -2*u - 3*c = -0*c - 213. Calculate the highest common factor of 34 and u.
34
Let r = -7 - -1. Let d be 16*((-45)/r)/5. What is the highest common divisor of d and 16?
8
Let k = -69 - -80. What is the greatest common divisor of k and 187?
11
Suppose 0 = 4*j - 4*m - 104, 2*m = -3*j + m + 78. What is the greatest common factor of 65 and j?
13
Let n(t) = t**2 - 6*t - 2. Let g be n(-6). Let l be (-10)/3*(-9)/3. Calculate the highest common factor of l and g.
10
Suppose -4*n = 3*s - 73, 4*s - 3*n - 33 = 3*s. Let w = 21 + -18. Let m be ((-2)/(-6))/(w/s). Calculate the highest common factor of 24 and m.
3
Suppose 8 = o + 3. Suppose o = -3*j + 56. What is the greatest common factor of j and 153?
17
Let q = 26 - 24. Suppose -q*m + v = 2*m - 161, 2*v = -m + 38. Calculate the highest common factor of 10 and m.
10
Let a be 227/5 + (-2)/5. Suppose 5*h + 24 = 2*o - 11, 4*o = 5*h + 65. What is the greatest common divisor of a and o?
15
Let z(l) = -l**3 - 4*l**2 - l - 10. Let v be z(-7). What is the highest common divisor of v and 16?
16
Suppose -m - 10 = -2*m. Suppose -2*d + d + 20 = 0. What is the greatest common divisor of d and m?
10
Let h(a) = 86*a - 4. Let r be h(2). Let d = 2 - -3. Suppose m + r = d*m. Calculate the greatest common divisor of 14 and m.
14
Let u be (-326)/(-6) + 5/(-15). Let p be (-8)/3*18/(-8). Calculate the highest common divisor of u and p.
6
Suppose 4*w + 5*o - 40 = w, -w + 16 = 3*o. What is the highest common divisor of w and 10?
10
Let j be (-262)/(-5) + 4/(-10). Suppose -4*y = 4*b - j, 3*y + 2 = 5*y. Suppose -b - 3 = -3*g. Calculate the greatest common factor of 25 and g.
5
Suppose -3*b + 63 + 42 = 0. What is the greatest common factor of 140 and b?
35
Let x be 4/(-6) + 33/9. Suppose 2*c - 22 = -2*r, -x*c + 19 = -0*c - 4*r. Let u be 3*((-6)/c - -1). Calculate the greatest common divisor of 8 and u.
1
Suppose -3*l - 132 = -r + 2*l, -3*l = 4*r - 597. Calculate the greatest common factor of 21 and r.
21
Suppose 0 = -2*s + 2*u - 66, -2*s + 3*u - 71 = 6*u. Let k be s/(-3) + 12/18. What is the greatest common divisor of k and 108?
12
Suppose 5*t - u = 178, 3*u - u + 176 = 5*t. Calculate the highest common factor of 6 and t.
6
Suppose c - 3*m = -c + 50, m = 3*c - 75. Suppose l = -2*b + 29, -3*b - 40 = -2*l + 2*b. Calculate the greatest common factor of l and c.
25
Let f = -4 + 16. Calculate the greatest common divisor of f and 132.
12
Let u be (4/6)/(1/351). Calculate the greatest common factor of 26 and u.
26
Suppose -3*a - 3 - 15 = 0. Let d(m) = -3*m - 9. Let n be d(a). Calculate the greatest common factor of 6 and n.
3
Suppose -4*s = -p + s + 40, p + 3*s = 8. Let b = -326 - -330. What is the highest common divisor of b and p?
4
Let d be 52/2 + 105/(-21). Calculate the highest common divisor of 231 and d.
21
Let o(w) = -w**3 - w + 4. Let l be o(0). Suppose l - 6 = 2*j, 4*k - 42 = 2*j. Calculate the greatest common factor of 25 and k.
5
Let r(g) = -2*g**2 - 5*g - 67. Let u(c) = 3*c**2 + 8*c + 100. Let s(t) = -8*r(t) - 5*u(t). Let p be s(0). Calculate the greatest common factor of 24 and p.
12
Let o = -77 + 98. What is the greatest common factor of 9 and o?
3
Let v(g